 7
Let r(g) = 2*g**2 + 5*g + 1 - 4 + 0 + 1. What are the prime factors of r(5)?
73
Suppose i + 1 = 3. Let z(d) = 3*d**2 + 9*d + 17. Let k(n) = -10*n**2 - 27*n - 51. Let h(o) = i*k(o) + 7*z(o). List the prime factors of h(-7).
3
Let f = -253 + 557. Suppose 166 = 2*d - f. List the prime factors of d.
5, 47
What are the prime factors of (2/(-5))/((-17)/1615)?
2, 19
Let t = -10 - -6. List the prime factors of t + (-4 - -20) + -3.
3
Suppose 10 + 6 = -2*f. Let m be f/24*(0 + 9). List the prime factors of (-6)/3 - 21/m.
5
Suppose -4*l + 1 + 14 = t, -9 = -l - 2*t. Suppose -l*a + 4*p = -2*a - 27, 0 = -5*a + 2*p + 153. What are the prime factors of a?
31
List the prime factors of ((-876)/(-16))/(-3)*-8.
2, 73
Let s(w) = -7*w - 4. Let u(g) be the first derivative of 3*g**2 + 5*g - 2. Let a(f) = -4*s(f) - 5*u(f). What are the prime factors of a(-8)?
7
Suppose 31*i + 180 = 27*i. List the prime factors of (i/6)/(21/(-112)).
2, 5
Let w = 8872 - 5907. List the prime factors of w.
5, 593
Let x be (-1 + 12/9 - 1)*3. List the prime factors of 163*(x + (-15)/(-5)).
163
Let m(p) = -55*p - 8. Let i be m(-11). Suppose 5*a - i = 28. Let v = a - 81. What are the prime factors of v?
2, 11
Suppose 2*b - 16 = -2*b. Suppose 2*j = 5*z + 336, 5*j - 2*z - 869 = -b*z. List the prime factors of j.
173
Let d(k) = 2*k**2 + 6*k - 14. Let w be d(7). Suppose 4*t + w = 7*t. What are the prime factors of t?
2, 3, 7
Suppose -4*l + 45 = l. Let x(c) = c**3 - 8*c**2 - 8*c - 4. Let p be x(l). Suppose -p*n = -15, w + n = -w + 69. List the prime factors of w.
3, 11
Let f = 1581 - 748. What are the prime factors of f?
7, 17
Let w(t) = t**2 - 2*t + 5. Let m be w(5). Let s(a) = a. Let i be s(7). Let r = m - i. List the prime factors of r.
13
Let w be (-1 + 0)*(-11 - -7). Suppose -w*s - 1 = -3*h, -5*h - 5*s - 7 - 3 = 0. Let l(m) = -17*m. What are the prime factors of l(h)?
17
Let o(d) = 12*d - 9. Let v be o(2). List the prime factors of 5/30*v*42/5.
3, 7
Suppose 2*v = 4*t + 76, 82 = -0*t - 4*t + 5*v. Let j = t - 13. Let h = j + 57. What are the prime factors of h?
2, 13
Suppose -12*a = -7*a. Suppose a*s + 104 = s. List the prime factors of s.
2, 13
Suppose 0 = -4*u + 10*u. Suppose u = -f - 4, -8*m + 4*m + 252 = -4*f. What are the prime factors of m?
59
Let y = 1386 - 889. List the prime factors of y.
7, 71
Let b(u) = -u**3 + 9*u**2 + 2. Let s be b(9). Suppose -4*x + s = -6. Suppose -4*y = -x*j + 22, j = -y + 8 + 3. What are the prime factors of j?
11
List the prime factors of (-35676)/(-24) + (-15)/(-6).
1489
List the prime factors of -2 + (5 + 659 - (-2 + -1)).
5, 7, 19
Let u(j) = -61*j - 13. Let g be u(-10). Suppose -3*k = 2*k - o - g, 0 = -k - o + 123. List the prime factors of k.
2, 3, 5
Let l(a) be the third derivative of a**4/8 - a**2. Let h be l(1). Suppose -h*c = -4*w + 87, w - 4*w - c = -49. What are the prime factors of w?
2, 3
Let d(v) = v**3 - 5*v**2 - 7*v + 14. Let n be (-8)/(-4)*3/2. Suppose 12 = n*h - 6. What are the prime factors of d(h)?
2
Let y(g) = 3*g - 46. Let r be y(13). Let b(o) = o**3 + 10*o**2 + 9*o + 1. List the prime factors of b(r).
5, 17
Let z be 4/18 - (-34)/9. What are the prime factors of (-1)/(z - 1780/444)?
3, 37
Let s = 705 + -164. List the prime factors of s.
541
Let m(t) = t**2 + 7*t - 4. Let w be m(-7). Let n(i) = i**2 + 2. What are the prime factors of n(w)?
2, 3
Let u be ((-2)/(-5) - 2)/(5/(-25)). List the prime factors of (-212)/(-3)*(-12)/u*-1.
2, 53
Let o(h) = -h**3 + 4*h + 388. List the prime factors of o(0).
2, 97
Let x be (4/10)/(9/45). Suppose 4*j = y + x, j - 2 = 4*j + y. Suppose -157 = -3*a - 2*a + 4*p, -2*p + 4 = j. What are the prime factors of a?
3, 11
Suppose -5*h + 871 = -339. List the prime factors of h.
2, 11
Suppose -61*l - 1715 = -66*l. What are the prime factors of l?
7
Let s(f) be the first derivative of -1 + 7*f + 1/3*f**3 - 1/2*f**2. What are the prime factors of s(4)?
19
Let q(f) = 9*f**3 - 10*f**2 + 19*f - 6. Let m(p) = -5*p**3 + 5*p**2 - 10*p + 3. Let x(n) = -7*m(n) - 4*q(n). What are the prime factors of x(3)?
3
Let k(s) = -s**3 - 7*s**2 - 11*s. Let m be k(-6). Let y = 48 - m. What are the prime factors of y?
2, 3
Let a = 13 + -11. Suppose 5*i - a*s - 109 = 0, -3 + 46 = 2*i - s. List the prime factors of i.
23
Suppose -50384 = -55*l + 55986. What are the prime factors of l?
2, 967
Suppose -4078 = -11*c + 894. What are the prime factors of c?
2, 113
Let u(b) = -b**3 - 10*b**2 - 4*b - 10. Let f be u(-10). Suppose w - f - 20 = 0. What are the prime factors of w?
2, 5
Suppose 11*b + 176 = 7*b. Let l be b/(-33)*(0 + -3). List the prime factors of l/(81/(-20) + 4).
2, 5
Let q(s) = -3*s**3 - s**2 + 2. Let w be q(-1). Suppose w = -14*c + 15*c. Suppose 0 = c*k - 69 - 47. What are the prime factors of k?
29
Let v(i) = -i**3 - 3*i**2 - 2*i - 6. Let s be v(-3). Suppose s = 2*f + 4*x - 42, 0 = -4*x - 24 + 4. Let o = -26 + f. What are the prime factors of o?
5
Let d be 0 + 6 + (7 - 6). Suppose 3*z - 1 = -d. What are the prime factors of 5/((-2 - z) + 1)?
5
List the prime factors of (2580/50)/(20/50).
3, 43
Let w(y) = -3*y**2 + 6*y - 15. Let h be w(3). Let x = 50 + h. What are the prime factors of x?
2, 13
Suppose -5*z + 4 = -4*p + 16, 3*p = 2*z + 9. What are the prime factors of -4 - (p - 80) - 1?
2, 3
Suppose -19*r + 8*r = -2376. What are the prime factors of r?
2, 3
Let a be 2/(5*(-4)/(-30)). Suppose -4*d = -a*d + 4*r - 40, 3*r = -9. List the prime factors of d.
2, 13
Let q(o) = -56*o - 48. What are the prime factors of q(-8)?
2, 5
Let g(r) = 13 - 2 + 4*r + 3. Let d be g(-6). List the prime factors of ((-48)/(-10))/((-2)/d).
2, 3
Let v(w) = w**3 + w**2 - 4*w + 3. Let y be v(2). Suppose 12*r + 3*z - 104 = 8*r, -z + 54 = 2*r. Suppose -309 = -y*u - r. What are the prime factors of u?
2, 5
Suppose 5*v = -5, 4*v - 22 - 34 = -3*i. Let c be (-16)/(-5) + (-4)/i. Suppose 4*t + t = 2*p - 55, c*p - 94 = -4*t. List the prime factors of p.
2, 3, 5
Let t(u) = -15*u + 23. Suppose 4*y = 2*a, 5*a - 2*y - 10 + 26 = 0. List the prime factors of t(a).
83
Let g be (4 - 3 - 0) + 9. Suppose -g*n + 959 = -3*n. List the prime factors of n.
137
Let v = 15 + -12. Let h(q) = q + 9*q**3 - 8*q**v + 10*q**2 - 16 + q. List the prime factors of h(-9).
47
Let t = 115 - 112. Suppose 5*w + 3*v + 207 = 1253, -v = t*w - 630. List the prime factors of w.
211
Let m = 19 + -23. What are the prime factors of 5*6 + (m - -1)?
3
Suppose -2*t + 5*i - 1114 = -3*t, 0 = 2*i. What are the prime factors of t?
2, 557
Suppose 3*r - z - 922 = 0, 62*z - 66*z = -2*r + 618. What are the prime factors of r?
307
Let n = -204 + 402. Suppose 3*z - n = 3*u, 5*z = 4*u + 163 + 162. List the prime factors of z.
61
Let h = -29 + 343. List the prime factors of h.
2, 157
Let l(j) = 4*j + 6. Let t be l(-3). What are the prime factors of (184/t)/(8/(-12))?
2, 23
Let f(z) = z - 32. Let o(t) = -2*t + 33. Let m(i) = 3*f(i) + 4*o(i). List the prime factors of m(0).
2, 3
Suppose 3*i - 2*i - 4*z = -74, 3*z = 5*i + 285. Let u = i + 127. List the prime factors of u.
73
Suppose 2*h - 36 = -2*h. Let d(z) = -z**3 + 10*z**2 - 6*z - 7. Let p be d(h). List the prime factors of (-3)/(-1) + -5 + p.
2, 3
Suppose 0 = 4*h - 5*h - 2*v - 72, h + v = -76. Suppose 2*w + 0*w - 288 = -2*m, 2*m + 5*w - 303 = 0. Let n = h + m. What are the prime factors of n?
59
Suppose -40 = -y + 39. Suppose 5*w + o - y = 0, -o + 7 = w - 8. Suppose -w = -m + 8. List the prime factors of m.
2, 3
Let a = 3983 + -2595. List the prime factors of a.
2, 347
Let n = 181 - -563. List the prime factors of n.
2, 3, 31
Let b(f) be the second derivative of -4*f**3/3 + 5*f**2/2 - f. Let z(d) = 9*d - 6. Let v(a) = -5*b(a) - 4*z(a). What are the prime factors of v(15)?
59
List the prime factors of ((-1276)/(-10))/((-10)/(-25)).
11, 29
Suppose 4*q = 2*q + 890. Let a = -302 + q. What are the prime factors of a?
11, 13
Let r(k) = -3*k**2 + 3*k - 4. Let c be r(4). List the prime factors of ((-250)/40)/(2/c).
5
Let x be (0 - 6)/(-1 + -1). Suppose 2*b = -p - 6, x*b = -0*p + 3*p + 9. Let d = 0 - p. What are the prime factors of d?
2
Let l = -458 - -6521. What are the prime factors of l?
3, 43, 47
Suppose -4*u - 3*i - 20 = -i, 0 = 4*i. Let b be (-72)/7*(u - -12). Let c = -37 - b. What are the prime factors of c?
5, 7
Let u = 2 + 2. Suppose r - u*r + 48 = 0. What are the